851
In base 2, what is 0 + 1001110001110?
1001110001110
In base 13, what is -1a9 - 3?
-1ac
In base 13, what is -480 - 1?
-481
In base 7, what is 10 + 40?
50
In base 12, what is 4 + 17?
1b
In base 9, what is 2 - -12?
14
In base 6, what is -1 - 25?
-30
In base 7, what is -10 - -135?
125
In base 3, what is -10212 + 1002?
-2210
In base 7, what is 4 + 33?
40
In base 7, what is 605 + 4?
612
In base 7, what is -2543 + 2?
-2541
In base 14, what is 8 + -32?
-28
In base 15, what is 17 - 2e?
-17
In base 11, what is -4 + 78?
74
In base 10, what is 0 - 5?
-5
In base 8, what is 12353 + 7?
12362
In base 4, what is -10010 + -11?
-10021
In base 11, what is -a + 435?
426
In base 15, what is -3b - -3?
-38
In base 10, what is -6727 - 4?
-6731
In base 9, what is 21460 - -2?
21462
In base 6, what is 102 - -1?
103
In base 2, what is -1100000 - 100001?
-10000001
In base 7, what is 1 + 256?
260
In base 5, what is 1044 + 404?
2003
In base 8, what is -46 + -2?
-50
In base 8, what is -3 - -56?
53
In base 15, what is -39 + -5?
-3e
In base 12, what is -2 + -42?
-44
In base 3, what is 100001000 + -12?
100000211
In base 15, what is -6 + -23?
-29
In base 5, what is 12 + 114324?
114341
In base 11, what is 3 + 111?
114
In base 6, what is -253 + -3?
-300
In base 10, what is -1 + 156?
155
In base 8, what is -1414 + -46?
-1462
In base 8, what is -7 - 60?
-67
In base 2, what is 110 - -100010?
101000
In base 16, what is -1 + 415?
414
In base 16, what is aa + -5?
a5
In base 13, what is -3 + 43?
40
In base 10, what is -4 + 3?
-1
In base 8, what is 1116 - 31?
1065
In base 15, what is 3 - 200?
-1ec
In base 16, what is -5 + 3c?
37
In base 9, what is 140 + 0?
140
In base 16, what is -18a + 4?
-186
In base 16, what is -6 + -39?
-3f
In base 16, what is -84d + 2?
-84b
In base 10, what is 4 - -193?
197
In base 2, what is -10 - -110100010?
110100000
In base 8, what is 4 - 1511?
-1505
In base 15, what is -d - -241?
233
In base 11, what is a - 12?
-3
In base 3, what is -201 - 10?
-211
In base 8, what is 4560 + 4?
4564
In base 12, what is 6 - 734?
-72a
In base 16, what is 1d6 + 4?
1da
In base 9, what is -1 - 233?
-234
In base 3, what is -10102 - -1?
-10101
In base 9, what is 260 + -2?
257
In base 9, what is -577 - 5?
-583
In base 15, what is -1 + -6a7?
-6a8
In base 6, what is 250 + 331?
1021
In base 15, what is -2a + 7?
-23
In base 14, what is 3 - -4b?
50
In base 16, what is 1 - -3f?
40
In base 10, what is 5 - 15?
-10
In base 8, what is -2 - 2?
-4
In base 14, what is -9 + -679?
-684
In base 16, what is -13 + 2ab?
298
In base 15, what is 3 + -19?
-16
In base 6, what is 14 + 541?
555
In base 5, what is -2 + 100242?
100240
In base 13, what is -331 - -3?
-32b
In base 13, what is -4 + -47?
-4b
In base 14, what is -69 - -61?
-8
In base 14, what is 1 + -16b?
-16a
In base 16, what is -2703 + 1?
-2702
In base 2, what is -111111011 - -1000?
-111110011
In base 15, what is -9 + -c2?
-cb
In base 8, what is -5 - 2104?
-2111
In base 10, what is 7 - -23?
30
In base 7, what is -1413 + 4?
-1406
In base 13, what is 152 - 5?
14a
In base 10, what is -655 + 1?
-654
In base 5, what is -10 - 11322?
-11332
In base 3, what is -1101010102 - 12?
-1101010121
In base 3, what is -11 + -12002?
-12020
In base 4, what is -11 + -11122?
-11133
In base 15, what is 5 - -150?
155
In base 4, what is -23 + 22?
-1
In base 5, what is -4 + 20322?
20313
In base 9, what is 2 + 44?
46
In base 7, what is 6320 + 2?
6322
In base 8, what is 115 - 31?
64
In base 4, what is 0 + -303103?
-303103
In base 3, what is -1 + 2021?
2020
In base 7, what is -310 - -10?
-300
In base 13, what is 8ca - -11?
90b
In base 6, what is 2003 + -2?
2001
In base 13, what is -5 + 6?
1
In base 12, what is -150 - 3?
-153
In base 2, what is -1 - 10110?
-10111
In base 12, what is 1 - -233?
234
In base 14, what is 46 + -66?
-20
In base 5, what is -24 - -1204?
1130
In base 14, what is 0 + 71?
71
In base 9, what is -15 + 33?
17
In base 13, what is -63 + -32?
-95
In base 14, what is a6 - -6?
ac
In base 4, what is -1001 - -31?
-310
In base 16, what is -c6 - d?
-d3
In base 2, what is -10011 + -1001?
-11100
In base 2, what is -101 + 101001010011?
101001001110
In base 2, what is -111 - 10010111?
-10011110
In base 14, what is 1353 - 3?
1350
In base 11, what is 146 - 1?
145
In base 14, what is 1d - 147?
-128
In base 9, what is -1623 - 2?
-1625
In base 16, what is 24b - -9?
254
In base 4, what is 31011 + -3?
31002
In base 2, what is 1011111 + -101?
1011010
In base 10, what is -14 - -16?
2
In base 3, what is -1120 + -22220?
-101110
In base 12, what is 3 - 779?
-776
In base 5, what is -4 - -132?
123
In base 2, what is -10 + -10000100000?
-10000100010
In base 15, what is 1 + -1215?
-1214
In base 15, what is -3 + -e5?
-e8
In base 5, what is 0 + -14234?
-14234
In base 12, what is 1 + 512?
513
In base 4, what is -220 - -12?
-202
In base 12, what is 7b - 4?
77
In base 12, what is a - -1a0?
1aa
In base 7, what is 23 - -534?
560
In base 5, what is -102 + 133?
31
In base 6, what is 0 + 2213?
2213
In base 12, what is 892 - -3?
895
In base 15, what is -e94 + 0?
-e94
In base 5, what is 10 - -333?
343
In base 10, what is -3358 + -5?
-3363
In base 7, what is 5 + 650?
655
In base 7, what is 5 + -143?
-135
In base 2, what is 1 + 11111000111?
11111001000
In base 6, what is 5 - 1131?
-1122
In base 5, what is -2013 + 4?
-2004
In base 13, what is -12 - 45?
-57
In base 11, what is 2a + 10a?
139
In base 2, what is 1010001100 - -101?
1010010001
In base 13, what is -a0 - -5?
-98
In base 11, what is 9532 - 0?
9532
In base 7, what is -264 + 2?
-262
In base 16, what is -2 - 14?
-16
In base 4, what is 1011211 - -2?
1011213
In base 5, what is 41243 + 0?
41243
In base 13, what is 40 - -6?
46
In base 11, what is 4 + 8?
11
In base 14, what is -2c + 4?
-28
In base 6, what is 235 - 4?
231
In base 8, what is -5 - 403?
-410
In base 5, what is 1 - -3?
4
In base 16, what is 483 - -c?
48f
In base 8, what is 152746 - -3?
152751
In base 4, what is 131232 + 103?
132001
In base 5, what is 333 - -130?
1013
In base 5, what is 113040 + 4?
113044
In base 6, what is -1342 - -4?
-1334
In base 9, what is 5 + 174?
180
In base 10, what is -68 - 12?
-80
In base 16, what is -2c9 - 3?
-2cc
In base 8, what is -3 + 71?
66
In base 16, what is 12 + 0?
12
In base 11, what is -a8 + 59?
-4a
In base 8, what is -5 + 1774?
1767
In base 11, what is 3 - -221?
224
In base 4, what is -302 - 21?
-323
In base 7, what is -1 - -2216?
2215
In base 11, what is -1483 - 2?
-1485
In base 14, what is 4d - 2?
4b
In base 3, what is -121212102 - -1?
-121212101
In base 9, what is -178 + 2?
-176
In base 16, what is -116 + 3?
-113
In base 9, what is 2 + 4580?
4582
In base 9, what is -7 - 242?
-250
In base 14, what is 0 + -cd9?
-cd9
In base 16, what is 2 - -a?
c
In base 12, what is 2 + -630?
-62a
In base 4, what is 2310113 + -1?
2310112
In base 8, what is -2 + -572?
-574
In base 7, what is 0 + -16653?
-16653
In base 2, what is -10001011000 + 100?
-10001010100
In base 3, what is -12 - 2012?
-2101
In base 11, what is 1282 + -3?
127a
In base 4, what is -13 + 23?
10
In base 2, what is 10 + 10000100?
10000110
In base 6, what is -4224 - -4?
-4220
In base 8, what is 0 + -425?
-425
In base 16, what is -63 + -32?
-95
In base 2, what is -110101 - -10010?
-100011
In base 7, what is -3 - -1631?
1625
In base 5, what is -3 - -44?
41
In base 3, what is -212 + -10200?
-11112
In base 8, what is 345 + -4?
341
In base 7, what is 166 - 6?
160
In base 6, what is 5 - 30?
-21
In base 14, what is 8b - 5b?
30
In base 14, what is 0 - -52?
52
In base 4, what is 13 - -1303?
1322
In base 16, what is 39 + 0?
39
In base 11, what is 3 - -495?
498
In base 6, what is -5 - -2532?
2523
In base 8, what is -5 - -3044?
3037
In base 5, what is -1 - -101?
100
In base 16, what is 2f + e?
3d
In base 9, what is -3 - 56?
-60
In base 8, what is -2 - 22?
-24
In base 15, what is 51 + -9?
47
In base 5, what is 3 + 14032?
14040
In base 14, what is 20 - -186?
1a6
In base 2, what is -100000011000100 - -1?
-100000011000011
In base 14, what is -44 + -20?
-64
In base 10, what is -4 + -22?
-26
In base 7, what is -2116 + -3?
-2122
In base 3, what is 1002 - 21?
211
In base 2, what is -111110 + -111001?
-1110111
In base 16, what is -a - 9?
-13
In base 6, what is -121513 - 4?
-121521
In base 15, what is -202 + -7?
-209
In ba